r of f and 18.
2
Let r be (-1 - 46)/(((-26)/4)/(-13)). Let a = r + 84. Let d be 4/(-5) - 8*81/a. What is the highest common divisor of 4 and d?
4
Suppose -4*o - 132 = -26*o. Let v be (987/(-9))/(-5 - (-29)/o). What is the highest common divisor of 14 and v?
14
Suppose 0 = 4*v - 5*r + 3*r - 2128, -16*v + 8512 = -3*r. Calculate the highest common factor of v and 190.
38
Suppose -184*v = 167*v - 6095817. What is the greatest common divisor of v and 21?
21
Suppose -182 = 2*f + 48. Let t be 2/(-6)*(-4 - f). Let a = t + 46. Calculate the greatest common divisor of a and 81.
9
Let g(c) = 4*c - 2*c + 46 + 11 + 5*c. Let v be g(-6). What is the greatest common factor of v and 75?
15
Let j be 783/99 - (-22)/242. What is the greatest common divisor of 2008 and j?
8
Let c(h) = h**3 + 14*h**2 + 14*h - 27. Let p(u) = -u**3 + 15*u - 8. Let d be p(4). Let l be c(d). What is the highest common factor of l and 12?
3
Let m = 526 - 454. Let k(x) = x**2 - 4*x - 26. Let t be k(6). Let h = t + 50. Calculate the highest common divisor of m and h.
36
Let q(u) = -u**2 + 17. Let v be q(13). Let o = v + 192. Calculate the greatest common factor of 360 and o.
40
Suppose z = 1 + 3. Suppose t + z*q - 10 = 0, -14 = t - 5*t - 3*q. What is the greatest common divisor of 16 and t?
2
Let t be ((-1)/(-1 - -2))/(129/(-190662)) - -7. What is the greatest common divisor of 2565 and t?
135
Suppose -74*f + 12924 - 1664 = -2060. Suppose 140 = m + 5. Calculate the greatest common divisor of m and f.
45
Suppose 0 = 16*c - 5836 - 3972. Let u = c + -586. What is the highest common factor of u and 189?
27
Suppose -4*j + v = 2 - 0, j = v - 2. Suppose 4*r - 4 - 4 = j. Suppose 2*u = 0, r*g - 5*u - 91 = 133. Calculate the highest common factor of 28 and g.
28
Let o = -37 + 1423. Let l = o - 639. Calculate the greatest common divisor of 9 and l.
9
Let f be (2/(-2) - -13)*(-23)/((-621)/117). Calculate the highest common factor of 5369 and f.
13
Suppose -r - 2*w - 5 = -21, -5*w - 12 = -4*r. Calculate the highest common divisor of 566 and r.
2
Suppose -61 - 128 = 27*l. Let t be 50 - ((-14)/8)/l*20. What is the greatest common factor of t and 315?
45
Let a(m) = -63*m + 202. Let u be a(3). Let p be 4*-3*(-1)/4. Suppose -2*h = 0, -2*f - p*h + 2*h + 26 = 0. Calculate the highest common divisor of u and f.
13
Suppose -4*l + 38 + 118 = 0. Suppose l = -2*q + 43. Let k(p) = 4*p - 2. Let u be k(4). What is the greatest common factor of q and u?
2
Suppose -489*j + 531*j - 882 = 0. What is the greatest common factor of 1743 and j?
21
Suppose 20*x = 4*x + 3488. Let d = -215 + x. What is the highest common factor of 33 and d?
3
Suppose 4*k - 38 = -14. What is the highest common divisor of k and 42?
6
Let s(q) = 9*q - 18. Let n be (-5)/(-2)*(1 - -13). Suppose 5*a - 24 = -3*m + n, -4*m = -4*a - 36. Let v be s(m). What is the highest common factor of 11 and v?
11
Suppose 4320 = 16*b - 7*b. Suppose 0 = d - 7*d - b. Let i = d - -98. What is the highest common factor of i and 36?
18
Let r(a) = -3*a**3 + 6*a**2 - 21*a - 15. Let x be r(-3). Calculate the greatest common divisor of 2867 and x.
61
Suppose i + 56 = 2*i. Let r be (-4 + 37 + -5)*2/(-4). Let q = -6 - r. Calculate the highest common divisor of q and i.
8
Let p(r) = r**2 - 8. Let g be p(6). Suppose -4*b = 2*m - 100, 0 = -2*b + m + g + 18. Let s = 1 + b. What is the greatest common factor of 225 and s?
25
Suppose c = 3*x + 3*c - 917, -3*x + 911 = -4*c. Let r = -192 + x. Suppose 0 = -4*q + r + 7. Calculate the highest common factor of q and 6.
6
Suppose 3*p = 2*p + 35. Let j(f) = -3*f**3 - 191*f**2 - 127*f - 35. Let x be j(-63). Calculate the highest common divisor of x and p.
7
Let o(d) be the second derivative of -d**5/10 + 7*d**4/3 + d**3/6 + 15*d**2 + 22*d. Let k be o(14). Calculate the highest common factor of 22 and k.
22
Let p = -25982 - -31025. What is the highest common divisor of 123 and p?
123
Let z = -8 + 10. Let h = 7 + z. Suppose 5*i - l = 717, -2*i + 0*l = 5*l - 303. What is the highest common divisor of h and i?
9
Let v be (-127358)/(-44) - ((-54)/(-12))/(-3). Calculate the greatest common factor of v and 64.
16
Let y = -17 - -29. Suppose 6*l - 14*l = -544. Suppose l*j - 67*j = 96. Calculate the highest common factor of y and j.
12
Let m = -5194 + 5572. Calculate the highest common factor of m and 546.
42
Let b = -24 + 159. Suppose r = -2*i + 58, 9*r - 13*r + 112 = 4*i. What is the highest common divisor of b and i?
15
Suppose -t - 2*p + 110 = 0, -p = 4*t - 1484 + 988. What is the greatest common factor of t and 658?
14
Let j(d) = -d**3 + 13*d**2 - 29*d - 14. Let k be j(9). What is the greatest common divisor of 3136 and k?
49
Let j be ((-26)/4)/(((-21)/105)/(52/10)). What is the highest common factor of j and 169?
169
Suppose -120*b - 5*b + 79904 = 102*b. Let n = -2 + 13. What is the greatest common factor of n and b?
11
Let n(f) = -7*f - 8. Let i be n(-2). Suppose i*u - 10*u + 128 = 0. What is the highest common divisor of u and 136?
8
Let k(p) = p**2 + 17*p + 40. Let b be k(-22). Suppose 153*t - 1350 = b*t. Calculate the greatest common factor of 18 and t.
18
Let q(k) = k**2 + 14*k + 35. Let d be q(-12). Let y = d - -8. What is the greatest common divisor of y and 19?
19
Let m(z) = -z**2 - 9*z - 84. Let d(n) = -n**2 + 6*n - 1. Let s(y) = -2*d(y) + m(y). Let r be s(-8). What is the highest common divisor of 225 and r?
75
Let t(r) = -4*r - 25. Let u be t(-7). Suppose -2*b = -u*d - 21, 2*b + b - 27 = 3*d. Let j be 40/b*(-24)/(-20). Calculate the greatest common factor of 20 and j.
4
Suppose 4953 = 2*w + 3*j, 3*w - 15*j + 12*j = 7437. What is the highest common factor of 189 and w?
21
Let b be 12/(-8)*(-4)/3. Let d(j) = 35*j**2 + 5*j - 5. Let u be d(b). Suppose 5*v - u - 135 = 0. Calculate the highest common factor of v and 140.
28
Suppose 3*u + 38 = 8. Let b(n) = n**2 + 8*n - 12. Let c be b(u). Let y = -618 + 634. Calculate the greatest common factor of c and y.
8
Suppose -9*t = -766 - 359. Let c be ((-8)/(-12))/((-6)/(-27)) + t. Calculate the greatest common divisor of 64 and c.
64
Let d = -61 + 66. Suppose -2*r + 12 = -2*t, 2 = d*r - t - 12. Suppose 4*i = -21 + 5, 2*p - r*i = 118. Calculate the highest common factor of p and 5.
5
Let d be (-760)/(-100) + 2/(20/(-6)). Let r(l) = 11 + d*l - 14 + 4*l**2 - 4. Let j be r(4). Calculate the greatest common divisor of j and 5.
5
Suppose 649*p + 3*w = 650*p - 449, 18 = -6*w. Calculate the highest common factor of p and 605.
55
Suppose b + 1 = 3. Suppose -80 = 2*t - 7*t + 4*u, -34 = -b*t + 2*u. Let o be (27 + 3)*t/8. Calculate the highest common factor of o and 495.
45
Let x be (8/(-12))/((-3)/(1116/8)). Suppose 25*m = 94 + x. Let o = 0 - -1. Calculate the highest common divisor of o and m.
1
Let c = -29 + 32. Suppose 0 = c*v - 12, -v + 24 = 4*s + 2*v. Suppose j - 5*j = -s*y - 1, -2*j = y - 13. What is the highest common divisor of 5 and y?
5
Let b = 141 - 157. Let u be (-13)/((-46)/b + -3). What is the greatest common divisor of u and 13?
13
Suppose -b + 35 = -3. Suppose -9*v - 6*v - 225 = 0. Let o(p) = -4*p - 3. Let x be o(v). What is the greatest common factor of x and b?
19
Let x = -8 + 16. Let u(i) = i**3 + 12*i**2 - 13*i + 6. Let q = 104 - 117. Let c be u(q). What is the greatest common divisor of c and x?
2
Suppose -4*u - 44 = -b, 4*u - 100 + 0 = -5*b. Suppose -34*j + 698 + 577 = -3213. Calculate the greatest common factor of j and b.
12
Let b = 29967 + -29901. Calculate the highest common factor of b and 20625.
33
Let j be (350460/(-1386))/((-2)/14). Calculate the greatest common divisor of 59 and j.
59
Let x(f) = -f**3 + 8*f**2 - 6*f - 3. Let q be x(7). Suppose 2*i - 5*a = 2, -17*i - q*a + 1 = -16*i. Calculate the greatest common factor of 5 and i.
1
Let l be ((-15732)/2691)/(40/(-130)). Let x be (-52)/(-10) - 1/5. Calculate the highest common divisor of x and l.
1
Let l(p) = p**2 - 20*p - 420. Let z be l(-16). Calculate the greatest common factor of 132 and z.
12
Let c(r) = 2*r**2 + r - 10. Let m be c(10). Suppose 3*i - m = 184. Calculate the greatest common divisor of 80 and i.
16
Suppose -10*b + 6*b = -256. Let r = -217 - -345. What is the highest common factor of r and b?
64
Let w be (-5)/30 - (-124)/24. Let p be 31*-2*(-5)/w. What is the greatest common divisor of p and 31?
31
Let v(w) 